{"id":2593,"date":"2026-08-28T08:50:37","date_gmt":"2026-08-28T06:50:37","guid":{"rendered":"https:\/\/dizagn.fr\/?post_type=product&#038;p=2593"},"modified":"2026-08-30T08:54:27","modified_gmt":"2026-08-30T06:54:27","slug":"jean-gueillet-affiche-sad-1963","status":"publish","type":"product","link":"https:\/\/dizagn.fr\/en\/product\/jean-gueillet-affiche-sad-1963\/","title":{"rendered":"JEAN GUEILLET, 43rd SAD Exhibition Poster, 1963"},"content":{"rendered":"<p>Reference:<\/p>\n<p class=\"isSelectedEnd\">Jean Gueillet was a French graphic designer and poster artist, primarily active during the 1950s and 1960s. His career remains relatively little documented, yet his designs attest to his role in the renewal of post-war French graphic design. A professional text published in 1963 mentions him, alongside his wife Suzanne Pilafore, among the graphic designers working independently.<\/p>\n<p class=\"isSelectedEnd\">His work ranged from editorial design to advertising and cultural posters. In 1956, he notably designed a cover for the specialist magazine Publimondial. He subsequently created a poster for the Loterie Nationale in 1957, followed by the important Gauloises Disque Bleu campaign in 1960, whose lithographic poster is now preserved and sought after by collectors.<\/p>\n<p>In 1963, Jean Gueillet designed the poster for the 43rd Salon des Artistes D\u00e9corateurs, held at the Grand Palais in Paris. The composition combines flat areas of pink and orange, geometric forms, photomontage and monumental typography. His work illustrates the transition from the traditional illustrated poster to a more radical graphic language informed by geometric abstraction, photographic collage and the emergence of Pop culture.<\/p>","protected":false},"excerpt":{"rendered":"<p>Jean Gueillet<\/p>\n<p>Poster for the 43rd Salon des Artistes D\u00e9corateurs, 1963<\/p>\n<p>43rd Salon des Artistes D\u00e9corateurs, held at the Grand Palais in Paris, 3 May\u20139 June 1963<\/p>\n<p>Offset printed by S.A. Courbet, Paris, 1968<\/p>\n<p>55 \u00d7 42 cm<\/p>\n<p>Condition report: condition B\u2212<\/p>\n<p>&nbsp;<\/p>","protected":false},"featured_media":2596,"template":"","meta":{"_et_pb_use_builder":"","_et_pb_old_content":"","_et_gb_content_width":""},"product_brand":[],"product_cat":[47,18],"product_tag":[44],"class_list":["post-2593","product","type-product","status-publish","has-post-thumbnail","product_cat-art","product_cat-selection","product_tag-nouveau","first","instock","shipping-taxable","purchasable","product-type-simple"],"yoast_head":"<!-- This site is optimized with the Yoast SEO plugin v28.3 - https:\/\/yoast.com\/product\/yoast-seo-wordpress\/ -->\n<title>JEAN GUEILLET, affiche SAD 1963 - DIZAGN<\/title>\n<meta name=\"robots\" content=\"index, follow, max-snippet:-1, max-image-preview:large, max-video-preview:-1\" \/>\n<link rel=\"canonical\" href=\"https:\/\/dizagn.fr\/en\/product\/jean-gueillet-affiche-sad-1963\/\" \/>\n<meta property=\"og:locale\" content=\"en_GB\" \/>\n<meta property=\"og:type\" content=\"article\" \/>\n<meta property=\"og:title\" content=\"JEAN GUEILLET, affiche SAD 1963 - DIZAGN\" \/>\n<meta property=\"og:description\" content=\"Jean Gueillet  Affiche du 43e Salon SAD 1963  43e Salon des artistes d\u00e9corateurs, organis\u00e9 au Grand Palais \u00e0 Paris du 3 mai au 9 juin 1963  Impression offset : S.A. Courbet, Paris, 1968  55 \u00d7 42 cm  Rapport de condition : \u00e9tat B-  &nbsp;\" \/>\n<meta property=\"og:url\" content=\"https:\/\/dizagn.fr\/en\/product\/jean-gueillet-affiche-sad-1963\/\" \/>\n<meta property=\"og:site_name\" content=\"DIZAGN\" \/>\n<meta property=\"article:modified_time\" content=\"2026-08-30T06:54:27+00:00\" \/>\n<meta property=\"og:image\" content=\"https:\/\/dizagn.fr\/wp-content\/uploads\/2026\/08\/GUEILLET-Jean-affiche-SAD-1963-2.png\" \/>\n\t<meta property=\"og:image:width\" content=\"1254\" \/>\n\t<meta property=\"og:image:height\" content=\"1254\" \/>\n\t<meta property=\"og:image:type\" content=\"image\/png\" \/>\n<meta name=\"twitter:card\" content=\"summary_large_image\" \/>\n<meta name=\"twitter:label1\" content=\"Estimated reading time\" \/>\n\t<meta name=\"twitter:data1\" content=\"2 minutes\" \/>\n<script type=\"application\/ld+json\" class=\"yoast-schema-graph\">{\"@context\":\"https:\\\/\\\/schema.org\",\"@graph\":[{\"@type\":\"WebPage\",\"@id\":\"https:\\\/\\\/dizagn.fr\\\/produit\\\/jean-gueillet-affiche-sad-1963\\\/\",\"url\":\"https:\\\/\\\/dizagn.fr\\\/produit\\\/jean-gueillet-affiche-sad-1963\\\/\",\"name\":\"JEAN GUEILLET, affiche SAD 1963 - DIZAGN\",\"isPartOf\":{\"@id\":\"https:\\\/\\\/dizagn.fr\\\/#website\"},\"primaryImageOfPage\":{\"@id\":\"https:\\\/\\\/dizagn.fr\\\/produit\\\/jean-gueillet-affiche-sad-1963\\\/#primaryimage\"},\"image\":{\"@id\":\"https:\\\/\\\/dizagn.fr\\\/produit\\\/jean-gueillet-affiche-sad-1963\\\/#primaryimage\"},\"thumbnailUrl\":\"https:\\\/\\\/dizagn.fr\\\/wp-content\\\/uploads\\\/2026\\\/08\\\/GUEILLET-Jean-affiche-SAD-1963-2.png\",\"datePublished\":\"2026-08-28T06:50:37+00:00\",\"dateModified\":\"2026-08-30T06:54:27+00:00\",\"breadcrumb\":{\"@id\":\"https:\\\/\\\/dizagn.fr\\\/produit\\\/jean-gueillet-affiche-sad-1963\\\/#breadcrumb\"},\"inLanguage\":\"en-GB\",\"potentialAction\":[{\"@type\":\"ReadAction\",\"target\":[\"https:\\\/\\\/dizagn.fr\\\/produit\\\/jean-gueillet-affiche-sad-1963\\\/\"]}]},{\"@type\":\"ImageObject\",\"inLanguage\":\"en-GB\",\"@id\":\"https:\\\/\\\/dizagn.fr\\\/produit\\\/jean-gueillet-affiche-sad-1963\\\/#primaryimage\",\"url\":\"https:\\\/\\\/dizagn.fr\\\/wp-content\\\/uploads\\\/2026\\\/08\\\/GUEILLET-Jean-affiche-SAD-1963-2.png\",\"contentUrl\":\"https:\\\/\\\/dizagn.fr\\\/wp-content\\\/uploads\\\/2026\\\/08\\\/GUEILLET-Jean-affiche-SAD-1963-2.png\",\"width\":1254,\"height\":1254},{\"@type\":\"BreadcrumbList\",\"@id\":\"https:\\\/\\\/dizagn.fr\\\/produit\\\/jean-gueillet-affiche-sad-1963\\\/#breadcrumb\",\"itemListElement\":[{\"@type\":\"ListItem\",\"position\":1,\"name\":\"Accueil\",\"item\":\"https:\\\/\\\/dizagn.fr\\\/\"},{\"@type\":\"ListItem\",\"position\":2,\"name\":\"S\u00e9lection\",\"item\":\"https:\\\/\\\/dizagn.fr\\\/\"},{\"@type\":\"ListItem\",\"position\":3,\"name\":\"JEAN GUEILLET, affiche SAD 1963\"}]},{\"@type\":\"WebSite\",\"@id\":\"https:\\\/\\\/dizagn.fr\\\/#website\",\"url\":\"https:\\\/\\\/dizagn.fr\\\/\",\"name\":\"DIZAGN\",\"description\":\"\",\"publisher\":{\"@id\":\"https:\\\/\\\/dizagn.fr\\\/#organization\"},\"potentialAction\":[{\"@type\":\"SearchAction\",\"target\":{\"@type\":\"EntryPoint\",\"urlTemplate\":\"https:\\\/\\\/dizagn.fr\\\/?s={search_term_string}\"},\"query-input\":{\"@type\":\"PropertyValueSpecification\",\"valueRequired\":true,\"valueName\":\"search_term_string\"}}],\"inLanguage\":\"en-GB\"},{\"@type\":\"Organization\",\"@id\":\"https:\\\/\\\/dizagn.fr\\\/#organization\",\"name\":\"DIZAGN\",\"url\":\"https:\\\/\\\/dizagn.fr\\\/\",\"logo\":{\"@type\":\"ImageObject\",\"inLanguage\":\"en-GB\",\"@id\":\"https:\\\/\\\/dizagn.fr\\\/#\\\/schema\\\/logo\\\/image\\\/\",\"url\":\"https:\\\/\\\/dizagn.fr\\\/wp-content\\\/uploads\\\/2023\\\/03\\\/logo-Dizagn.jpg\",\"contentUrl\":\"https:\\\/\\\/dizagn.fr\\\/wp-content\\\/uploads\\\/2023\\\/03\\\/logo-Dizagn.jpg\",\"width\":304,\"height\":95,\"caption\":\"DIZAGN\"},\"image\":{\"@id\":\"https:\\\/\\\/dizagn.fr\\\/#\\\/schema\\\/logo\\\/image\\\/\"}}]}<\/script>\n<!-- \/ Yoast SEO plugin. -->","yoast_head_json":{"title":"JEAN GUEILLET, affiche SAD 1963 - DIZAGN","robots":{"index":"index","follow":"follow","max-snippet":"max-snippet:-1","max-image-preview":"max-image-preview:large","max-video-preview":"max-video-preview:-1"},"canonical":"https:\/\/dizagn.fr\/en\/product\/jean-gueillet-affiche-sad-1963\/","og_locale":"en_GB","og_type":"article","og_title":"JEAN GUEILLET, affiche SAD 1963 - DIZAGN","og_description":"Jean Gueillet  Affiche du 43e Salon SAD 1963  43e Salon des artistes d\u00e9corateurs, organis\u00e9 au Grand Palais \u00e0 Paris du 3 mai au 9 juin 1963  Impression offset : S.A. Courbet, Paris, 1968  55 \u00d7 42 cm  Rapport de condition : \u00e9tat B-  &nbsp;","og_url":"https:\/\/dizagn.fr\/en\/product\/jean-gueillet-affiche-sad-1963\/","og_site_name":"DIZAGN","article_modified_time":"2026-08-30T06:54:27+00:00","og_image":[{"width":1254,"height":1254,"url":"https:\/\/dizagn.fr\/wp-content\/uploads\/2026\/08\/GUEILLET-Jean-affiche-SAD-1963-2.png","type":"image\/png"}],"twitter_card":"summary_large_image","twitter_misc":{"Estimated reading time":"2 minutes"},"schema":{"@context":"https:\/\/schema.org","@graph":[{"@type":"WebPage","@id":"https:\/\/dizagn.fr\/produit\/jean-gueillet-affiche-sad-1963\/","url":"https:\/\/dizagn.fr\/produit\/jean-gueillet-affiche-sad-1963\/","name":"JEAN GUEILLET, affiche SAD 1963 - DIZAGN","isPartOf":{"@id":"https:\/\/dizagn.fr\/#website"},"primaryImageOfPage":{"@id":"https:\/\/dizagn.fr\/produit\/jean-gueillet-affiche-sad-1963\/#primaryimage"},"image":{"@id":"https:\/\/dizagn.fr\/produit\/jean-gueillet-affiche-sad-1963\/#primaryimage"},"thumbnailUrl":"https:\/\/dizagn.fr\/wp-content\/uploads\/2026\/08\/GUEILLET-Jean-affiche-SAD-1963-2.png","datePublished":"2026-08-28T06:50:37+00:00","dateModified":"2026-08-30T06:54:27+00:00","breadcrumb":{"@id":"https:\/\/dizagn.fr\/produit\/jean-gueillet-affiche-sad-1963\/#breadcrumb"},"inLanguage":"en-GB","potentialAction":[{"@type":"ReadAction","target":["https:\/\/dizagn.fr\/produit\/jean-gueillet-affiche-sad-1963\/"]}]},{"@type":"ImageObject","inLanguage":"en-GB","@id":"https:\/\/dizagn.fr\/produit\/jean-gueillet-affiche-sad-1963\/#primaryimage","url":"https:\/\/dizagn.fr\/wp-content\/uploads\/2026\/08\/GUEILLET-Jean-affiche-SAD-1963-2.png","contentUrl":"https:\/\/dizagn.fr\/wp-content\/uploads\/2026\/08\/GUEILLET-Jean-affiche-SAD-1963-2.png","width":1254,"height":1254},{"@type":"BreadcrumbList","@id":"https:\/\/dizagn.fr\/produit\/jean-gueillet-affiche-sad-1963\/#breadcrumb","itemListElement":[{"@type":"ListItem","position":1,"name":"Accueil","item":"https:\/\/dizagn.fr\/"},{"@type":"ListItem","position":2,"name":"S\u00e9lection","item":"https:\/\/dizagn.fr\/"},{"@type":"ListItem","position":3,"name":"JEAN GUEILLET, affiche SAD 1963"}]},{"@type":"WebSite","@id":"https:\/\/dizagn.fr\/#website","url":"https:\/\/dizagn.fr\/","name":"DIZAGN","description":"","publisher":{"@id":"https:\/\/dizagn.fr\/#organization"},"potentialAction":[{"@type":"SearchAction","target":{"@type":"EntryPoint","urlTemplate":"https:\/\/dizagn.fr\/?s={search_term_string}"},"query-input":{"@type":"PropertyValueSpecification","valueRequired":true,"valueName":"search_term_string"}}],"inLanguage":"en-GB"},{"@type":"Organization","@id":"https:\/\/dizagn.fr\/#organization","name":"DIZAGN","url":"https:\/\/dizagn.fr\/","logo":{"@type":"ImageObject","inLanguage":"en-GB","@id":"https:\/\/dizagn.fr\/#\/schema\/logo\/image\/","url":"https:\/\/dizagn.fr\/wp-content\/uploads\/2023\/03\/logo-Dizagn.jpg","contentUrl":"https:\/\/dizagn.fr\/wp-content\/uploads\/2023\/03\/logo-Dizagn.jpg","width":304,"height":95,"caption":"DIZAGN"},"image":{"@id":"https:\/\/dizagn.fr\/#\/schema\/logo\/image\/"}}]}},"_links":{"self":[{"href":"https:\/\/dizagn.fr\/en\/wp-json\/wp\/v2\/product\/2593","targetHints":{"allow":["GET"]}}],"collection":[{"href":"https:\/\/dizagn.fr\/en\/wp-json\/wp\/v2\/product"}],"about":[{"href":"https:\/\/dizagn.fr\/en\/wp-json\/wp\/v2\/types\/product"}],"wp:featuredmedia":[{"embeddable":true,"href":"https:\/\/dizagn.fr\/en\/wp-json\/wp\/v2\/media\/2596"}],"wp:attachment":[{"href":"https:\/\/dizagn.fr\/en\/wp-json\/wp\/v2\/media?parent=2593"}],"wp:term":[{"taxonomy":"product_brand","embeddable":true,"href":"https:\/\/dizagn.fr\/en\/wp-json\/wp\/v2\/product_brand?post=2593"},{"taxonomy":"product_cat","embeddable":true,"href":"https:\/\/dizagn.fr\/en\/wp-json\/wp\/v2\/product_cat?post=2593"},{"taxonomy":"product_tag","embeddable":true,"href":"https:\/\/dizagn.fr\/en\/wp-json\/wp\/v2\/product_tag?post=2593"}],"curies":[{"name":"wp","href":"https:\/\/api.w.org\/{rel}","templated":true}]}}

<p>Reference:</p>
<p class="isSelectedEnd">Jean Gueillet was a French graphic designer and poster artist, primarily active during the 1950s and 1960s. His career remains relatively little documented, yet his designs attest to his role in the renewal of post-war French graphic design. A professional text published in 1963 mentions him, alongside his wife Suzanne Pilafore, among the graphic designers working independently.</p>
<p class="isSelectedEnd">His work ranged from editorial design to advertising and cultural posters. In 1956, he notably designed a cover for the specialist magazine Publimondial. He subsequently created a poster for the Loterie Nationale in 1957, followed by the important Gauloises Disque Bleu campaign in 1960, whose lithographic poster is now preserved and sought after by collectors.</p>
<p>In 1963, Jean Gueillet designed the poster for the 43rd Salon des Artistes Décorateurs, held at the Grand Palais in Paris. The composition combines flat areas of pink and orange, geometric forms, photomontage and monumental typography. His work illustrates the transition from the traditional illustrated poster to a more radical graphic language informed by geometric abstraction, photographic collage and the emergence of Pop culture.</p>

<p>Jean Gueillet</p>
<p>Poster for the 43rd Salon des Artistes Décorateurs, 1963</p>
<p>43rd Salon des Artistes Décorateurs, held at the Grand Palais in Paris, 3 May–9 June 1963</p>
<p>Offset printed by S.A. Courbet, Paris, 1968</p>
<p>55 × 42 cm</p>
<p>Condition report: condition B−</p>
<p>&nbsp;</p>

<!-- This site is optimized with the Yoast SEO plugin v28.3 - https://yoast.com/product/yoast-seo-wordpress/ -->
<title>JEAN GUEILLET, affiche SAD 1963 - DIZAGN</title>
<meta name="robots" content="index, follow, max-snippet:-1, max-image-preview:large, max-video-preview:-1" />
<link rel="canonical" href="https://dizagn.fr/en/product/jean-gueillet-affiche-sad-1963/" />
<meta property="og:locale" content="en_GB" />
<meta property="og:type" content="article" />
<meta property="og:title" content="JEAN GUEILLET, affiche SAD 1963 - DIZAGN" />
<meta property="og:description" content="Jean Gueillet  Affiche du 43e Salon SAD 1963  43e Salon des artistes décorateurs, organisé au Grand Palais à Paris du 3 mai au 9 juin 1963  Impression offset : S.A. Courbet, Paris, 1968  55 × 42 cm  Rapport de condition : état B-  &nbsp;" />
<meta property="og:url" content="https://dizagn.fr/en/product/jean-gueillet-affiche-sad-1963/" />
<meta property="og:site_name" content="DIZAGN" />
<meta property="article:modified_time" content="2026-08-30T06:54:27+00:00" />
<meta property="og:image" content="https://dizagn.fr/wp-content/uploads/2026/08/GUEILLET-Jean-affiche-SAD-1963-2.png" />
	<meta property="og:image:width" content="1254" />
	<meta property="og:image:height" content="1254" />
	<meta property="og:image:type" content="image/png" />
<meta name="twitter:card" content="summary_large_image" />
<meta name="twitter:label1" content="Estimated reading time" />
	<meta name="twitter:data1" content="2 minutes" />
<script type="application/ld+json" class="yoast-schema-graph">{"@context":"https:\/\/schema.org","@graph":[{"@type":"WebPage","@id":"https:\/\/dizagn.fr\/produit\/jean-gueillet-affiche-sad-1963\/","url":"https:\/\/dizagn.fr\/produit\/jean-gueillet-affiche-sad-1963\/","name":"JEAN GUEILLET, affiche SAD 1963 - DIZAGN","isPartOf":{"@id":"https:\/\/dizagn.fr\/#website"},"primaryImageOfPage":{"@id":"https:\/\/dizagn.fr\/produit\/jean-gueillet-affiche-sad-1963\/#primaryimage"},"image":{"@id":"https:\/\/dizagn.fr\/produit\/jean-gueillet-affiche-sad-1963\/#primaryimage"},"thumbnailUrl":"https:\/\/dizagn.fr\/wp-content\/uploads\/2026\/08\/GUEILLET-Jean-affiche-SAD-1963-2.png","datePublished":"2026-08-28T06:50:37+00:00","dateModified":"2026-08-30T06:54:27+00:00","breadcrumb":{"@id":"https:\/\/dizagn.fr\/produit\/jean-gueillet-affiche-sad-1963\/#breadcrumb"},"inLanguage":"en-GB","potentialAction":[{"@type":"ReadAction","target":["https:\/\/dizagn.fr\/produit\/jean-gueillet-affiche-sad-1963\/"]}]},{"@type":"ImageObject","inLanguage":"en-GB","@id":"https:\/\/dizagn.fr\/produit\/jean-gueillet-affiche-sad-1963\/#primaryimage","url":"https:\/\/dizagn.fr\/wp-content\/uploads\/2026\/08\/GUEILLET-Jean-affiche-SAD-1963-2.png","contentUrl":"https:\/\/dizagn.fr\/wp-content\/uploads\/2026\/08\/GUEILLET-Jean-affiche-SAD-1963-2.png","width":1254,"height":1254},{"@type":"BreadcrumbList","@id":"https:\/\/dizagn.fr\/produit\/jean-gueillet-affiche-sad-1963\/#breadcrumb","itemListElement":[{"@type":"ListItem","position":1,"name":"Accueil","item":"https:\/\/dizagn.fr\/"},{"@type":"ListItem","position":2,"name":"Sélection","item":"https:\/\/dizagn.fr\/"},{"@type":"ListItem","position":3,"name":"JEAN GUEILLET, affiche SAD 1963"}]},{"@type":"WebSite","@id":"https:\/\/dizagn.fr\/#website","url":"https:\/\/dizagn.fr\/","name":"DIZAGN","description":"","publisher":{"@id":"https:\/\/dizagn.fr\/#organization"},"potentialAction":[{"@type":"SearchAction","target":{"@type":"EntryPoint","urlTemplate":"https:\/\/dizagn.fr\/?s={search_term_string}"},"query-input":{"@type":"PropertyValueSpecification","valueRequired":true,"valueName":"search_term_string"}}],"inLanguage":"en-GB"},{"@type":"Organization","@id":"https:\/\/dizagn.fr\/#organization","name":"DIZAGN","url":"https:\/\/dizagn.fr\/","logo":{"@type":"ImageObject","inLanguage":"en-GB","@id":"https:\/\/dizagn.fr\/#\/schema\/logo\/image\/","url":"https:\/\/dizagn.fr\/wp-content\/uploads\/2023\/03\/logo-Dizagn.jpg","contentUrl":"https:\/\/dizagn.fr\/wp-content\/uploads\/2023\/03\/logo-Dizagn.jpg","width":304,"height":95,"caption":"DIZAGN"},"image":{"@id":"https:\/\/dizagn.fr\/#\/schema\/logo\/image\/"}}]}</script>
<!-- / Yoast SEO plugin. -->

Jean Gueillet  Affiche du 43e Salon SAD 1963  43e Salon des artistes décorateurs, organisé au Grand Palais à Paris du 3 mai au 9 juin 1963  Impression offset : S.A. Courbet, Paris, 1968  55 × 42 cm  Rapport de condition : état B-  &nbsp;

Sélection
