{"id":1814,"date":"2026-02-19T13:11:38","date_gmt":"2026-02-19T12:11:38","guid":{"rendered":"https:\/\/dizagn.fr\/?post_type=product&#038;p=1814"},"modified":"2026-04-16T02:58:43","modified_gmt":"2026-04-16T00:58:43","slug":"jean-royere-fauteuil-france-circa-1940","status":"publish","type":"product","link":"https:\/\/dizagn.fr\/en\/product\/jean-royere-fauteuil-france-circa-1940\/","title":{"rendered":"JEAN ROY\u00c8RE dans le go\u00fbt de, paire de fauteuils, France, circa 1940"},"content":{"rendered":"<p>Literature:<\/p>\n<p>Mod\u00e8le \u00e0 rapprocher de ceux r\u00e9alis\u00e9s par Jean Roy\u00e8re pour la villa de Jacques Raverat au Havre en 1931<\/p>\n<p>P.E Martin Vivier, Jean Roy\u00e8re, Paris, Norma ed., 2002<br \/>\nGalerie Jacques Lacoste, Jean Roy\u00e8re, Paris, 2012<\/p>","protected":false},"excerpt":{"rendered":"<p>JEAN ROY\u00c8RE (1902-1981) dans le go\u00fbt de<\/p>\n<p>Paire d\u2019importants fauteuils<br \/>\nFrance, circa 1940<br \/>\nCh\u00eane verni et ch\u00eane laqu\u00e9 blanc, mousse<br \/>\net velours mohair vert restaur\u00e9<\/p>\n<p>Une table basse au mod\u00e8le (73,5 x 73,5 x 37,5 cm)<br \/>\nest incluse dans l&rsquo;ensemble<\/p>\n<p>1. Hauteur 64 (assise 37) x Largeur 79 x Profondeur 90 cm<br \/>\n2. Hauteur 64 (assise 37) x Largeur 76 x Profondeur 95 cm<\/p>","protected":false},"featured_media":2099,"template":"","meta":{"_et_pb_use_builder":"","_et_pb_old_content":"","_et_gb_content_width":""},"product_brand":[],"product_cat":[19],"product_tag":[44],"class_list":{"0":"post-1814","1":"product","2":"type-product","3":"status-publish","4":"has-post-thumbnail","6":"product_cat-archives","7":"product_tag-nouveau","9":"first","10":"outofstock","11":"shipping-taxable","12":"product-type-simple"},"yoast_head":"<!-- This site is optimized with the Yoast SEO plugin v27.4 - https:\/\/yoast.com\/product\/yoast-seo-wordpress\/ -->\n<title>JEAN ROY\u00c8RE dans le go\u00fbt de, paire de fauteuils, France, circa 1940 - DIZAGN<\/title>\n<meta name=\"robots\" content=\"index, follow, max-snippet:-1, max-image-preview:large, max-video-preview:-1\" \/>\n<link rel=\"canonical\" href=\"https:\/\/dizagn.fr\/en\/product\/jean-royere-fauteuil-france-circa-1940\/\" \/>\n<meta property=\"og:locale\" content=\"en_GB\" \/>\n<meta property=\"og:type\" content=\"article\" \/>\n<meta property=\"og:title\" content=\"JEAN ROY\u00c8RE dans le go\u00fbt de, paire de fauteuils, France, circa 1940 - DIZAGN\" \/>\n<meta property=\"og:description\" content=\"JEAN ROY\u00c8RE (1902-1981) dans le go\u00fbt de  Paire d\u2019importants fauteuils France, circa 1940 Ch\u00eane verni et ch\u00eane laqu\u00e9 blanc, mousse et velours mohair vert restaur\u00e9  Une table basse au mod\u00e8le (73,5 x 73,5 x 37,5 cm) est incluse dans l&#039;ensemble  1. Hauteur 64 (assise 37) x Largeur 79 x Profondeur 90 cm 2. Hauteur 64 (assise 37) x Largeur 76 x Profondeur 95 cm\" \/>\n<meta property=\"og:url\" content=\"https:\/\/dizagn.fr\/en\/product\/jean-royere-fauteuil-france-circa-1940\/\" \/>\n<meta property=\"og:site_name\" content=\"DIZAGN\" \/>\n<meta property=\"article:modified_time\" content=\"2026-04-16T00:58:43+00:00\" \/>\n<meta property=\"og:image\" content=\"https:\/\/dizagn.fr\/wp-content\/uploads\/2025\/09\/JEAN-ROYERE-in-the-taste-of-pair-of-armchairs-and-his-coffee-table-circa-1940-1-scaled.jpg\" \/>\n\t<meta property=\"og:image:width\" content=\"2560\" \/>\n\t<meta property=\"og:image:height\" content=\"2560\" \/>\n\t<meta property=\"og:image:type\" content=\"image\/jpeg\" \/>\n<meta name=\"twitter:card\" content=\"summary_large_image\" \/>\n<meta name=\"twitter:label1\" content=\"Estimated reading time\" \/>\n\t<meta name=\"twitter:data1\" content=\"1 minute\" \/>\n<script type=\"application\/ld+json\" class=\"yoast-schema-graph\">{\"@context\":\"https:\\\/\\\/schema.org\",\"@graph\":[{\"@type\":\"WebPage\",\"@id\":\"https:\\\/\\\/dizagn.fr\\\/produit\\\/jean-royere-fauteuil-france-circa-1940\\\/\",\"url\":\"https:\\\/\\\/dizagn.fr\\\/produit\\\/jean-royere-fauteuil-france-circa-1940\\\/\",\"name\":\"JEAN ROY\u00c8RE dans le go\u00fbt de, paire de fauteuils, France, circa 1940 - DIZAGN\",\"isPartOf\":{\"@id\":\"https:\\\/\\\/dizagn.fr\\\/#website\"},\"primaryImageOfPage\":{\"@id\":\"https:\\\/\\\/dizagn.fr\\\/produit\\\/jean-royere-fauteuil-france-circa-1940\\\/#primaryimage\"},\"image\":{\"@id\":\"https:\\\/\\\/dizagn.fr\\\/produit\\\/jean-royere-fauteuil-france-circa-1940\\\/#primaryimage\"},\"thumbnailUrl\":\"https:\\\/\\\/dizagn.fr\\\/wp-content\\\/uploads\\\/2025\\\/09\\\/JEAN-ROYERE-in-the-taste-of-pair-of-armchairs-and-his-coffee-table-circa-1940-1-scaled.jpg\",\"datePublished\":\"2026-02-19T12:11:38+00:00\",\"dateModified\":\"2026-04-16T00:58:43+00:00\",\"breadcrumb\":{\"@id\":\"https:\\\/\\\/dizagn.fr\\\/produit\\\/jean-royere-fauteuil-france-circa-1940\\\/#breadcrumb\"},\"inLanguage\":\"en-GB\",\"potentialAction\":[{\"@type\":\"ReadAction\",\"target\":[\"https:\\\/\\\/dizagn.fr\\\/produit\\\/jean-royere-fauteuil-france-circa-1940\\\/\"]}]},{\"@type\":\"ImageObject\",\"inLanguage\":\"en-GB\",\"@id\":\"https:\\\/\\\/dizagn.fr\\\/produit\\\/jean-royere-fauteuil-france-circa-1940\\\/#primaryimage\",\"url\":\"https:\\\/\\\/dizagn.fr\\\/wp-content\\\/uploads\\\/2025\\\/09\\\/JEAN-ROYERE-in-the-taste-of-pair-of-armchairs-and-his-coffee-table-circa-1940-1-scaled.jpg\",\"contentUrl\":\"https:\\\/\\\/dizagn.fr\\\/wp-content\\\/uploads\\\/2025\\\/09\\\/JEAN-ROYERE-in-the-taste-of-pair-of-armchairs-and-his-coffee-table-circa-1940-1-scaled.jpg\",\"width\":2560,\"height\":2560},{\"@type\":\"BreadcrumbList\",\"@id\":\"https:\\\/\\\/dizagn.fr\\\/produit\\\/jean-royere-fauteuil-france-circa-1940\\\/#breadcrumb\",\"itemListElement\":[{\"@type\":\"ListItem\",\"position\":1,\"name\":\"Accueil\",\"item\":\"https:\\\/\\\/dizagn.fr\\\/\"},{\"@type\":\"ListItem\",\"position\":2,\"name\":\"S\u00e9lection\",\"item\":\"https:\\\/\\\/dizagn.fr\\\/\"},{\"@type\":\"ListItem\",\"position\":3,\"name\":\"JEAN ROY\u00c8RE dans le go\u00fbt de, paire de fauteuils, France, circa 1940\"}]},{\"@type\":\"WebSite\",\"@id\":\"https:\\\/\\\/dizagn.fr\\\/#website\",\"url\":\"https:\\\/\\\/dizagn.fr\\\/\",\"name\":\"DIZAGN\",\"description\":\"\",\"publisher\":{\"@id\":\"https:\\\/\\\/dizagn.fr\\\/#organization\"},\"potentialAction\":[{\"@type\":\"SearchAction\",\"target\":{\"@type\":\"EntryPoint\",\"urlTemplate\":\"https:\\\/\\\/dizagn.fr\\\/?s={search_term_string}\"},\"query-input\":{\"@type\":\"PropertyValueSpecification\",\"valueRequired\":true,\"valueName\":\"search_term_string\"}}],\"inLanguage\":\"en-GB\"},{\"@type\":\"Organization\",\"@id\":\"https:\\\/\\\/dizagn.fr\\\/#organization\",\"name\":\"DIZAGN\",\"url\":\"https:\\\/\\\/dizagn.fr\\\/\",\"logo\":{\"@type\":\"ImageObject\",\"inLanguage\":\"en-GB\",\"@id\":\"https:\\\/\\\/dizagn.fr\\\/#\\\/schema\\\/logo\\\/image\\\/\",\"url\":\"https:\\\/\\\/dizagn.fr\\\/wp-content\\\/uploads\\\/2023\\\/03\\\/logo-Dizagn.jpg\",\"contentUrl\":\"https:\\\/\\\/dizagn.fr\\\/wp-content\\\/uploads\\\/2023\\\/03\\\/logo-Dizagn.jpg\",\"width\":304,\"height\":95,\"caption\":\"DIZAGN\"},\"image\":{\"@id\":\"https:\\\/\\\/dizagn.fr\\\/#\\\/schema\\\/logo\\\/image\\\/\"}}]}<\/script>\n<!-- \/ Yoast SEO plugin. -->","yoast_head_json":{"title":"JEAN ROY\u00c8RE dans le go\u00fbt de, paire de fauteuils, France, circa 1940 - DIZAGN","robots":{"index":"index","follow":"follow","max-snippet":"max-snippet:-1","max-image-preview":"max-image-preview:large","max-video-preview":"max-video-preview:-1"},"canonical":"https:\/\/dizagn.fr\/en\/product\/jean-royere-fauteuil-france-circa-1940\/","og_locale":"en_GB","og_type":"article","og_title":"JEAN ROY\u00c8RE dans le go\u00fbt de, paire de fauteuils, France, circa 1940 - DIZAGN","og_description":"JEAN ROY\u00c8RE (1902-1981) dans le go\u00fbt de  Paire d\u2019importants fauteuils France, circa 1940 Ch\u00eane verni et ch\u00eane laqu\u00e9 blanc, mousse et velours mohair vert restaur\u00e9  Une table basse au mod\u00e8le (73,5 x 73,5 x 37,5 cm) est incluse dans l'ensemble  1. Hauteur 64 (assise 37) x Largeur 79 x Profondeur 90 cm 2. Hauteur 64 (assise 37) x Largeur 76 x Profondeur 95 cm","og_url":"https:\/\/dizagn.fr\/en\/product\/jean-royere-fauteuil-france-circa-1940\/","og_site_name":"DIZAGN","article_modified_time":"2026-04-16T00:58:43+00:00","og_image":[{"width":2560,"height":2560,"url":"https:\/\/dizagn.fr\/wp-content\/uploads\/2025\/09\/JEAN-ROYERE-in-the-taste-of-pair-of-armchairs-and-his-coffee-table-circa-1940-1-scaled.jpg","type":"image\/jpeg"}],"twitter_card":"summary_large_image","twitter_misc":{"Estimated reading time":"1 minute"},"schema":{"@context":"https:\/\/schema.org","@graph":[{"@type":"WebPage","@id":"https:\/\/dizagn.fr\/produit\/jean-royere-fauteuil-france-circa-1940\/","url":"https:\/\/dizagn.fr\/produit\/jean-royere-fauteuil-france-circa-1940\/","name":"JEAN ROY\u00c8RE dans le go\u00fbt de, paire de fauteuils, France, circa 1940 - DIZAGN","isPartOf":{"@id":"https:\/\/dizagn.fr\/#website"},"primaryImageOfPage":{"@id":"https:\/\/dizagn.fr\/produit\/jean-royere-fauteuil-france-circa-1940\/#primaryimage"},"image":{"@id":"https:\/\/dizagn.fr\/produit\/jean-royere-fauteuil-france-circa-1940\/#primaryimage"},"thumbnailUrl":"https:\/\/dizagn.fr\/wp-content\/uploads\/2025\/09\/JEAN-ROYERE-in-the-taste-of-pair-of-armchairs-and-his-coffee-table-circa-1940-1-scaled.jpg","datePublished":"2026-02-19T12:11:38+00:00","dateModified":"2026-04-16T00:58:43+00:00","breadcrumb":{"@id":"https:\/\/dizagn.fr\/produit\/jean-royere-fauteuil-france-circa-1940\/#breadcrumb"},"inLanguage":"en-GB","potentialAction":[{"@type":"ReadAction","target":["https:\/\/dizagn.fr\/produit\/jean-royere-fauteuil-france-circa-1940\/"]}]},{"@type":"ImageObject","inLanguage":"en-GB","@id":"https:\/\/dizagn.fr\/produit\/jean-royere-fauteuil-france-circa-1940\/#primaryimage","url":"https:\/\/dizagn.fr\/wp-content\/uploads\/2025\/09\/JEAN-ROYERE-in-the-taste-of-pair-of-armchairs-and-his-coffee-table-circa-1940-1-scaled.jpg","contentUrl":"https:\/\/dizagn.fr\/wp-content\/uploads\/2025\/09\/JEAN-ROYERE-in-the-taste-of-pair-of-armchairs-and-his-coffee-table-circa-1940-1-scaled.jpg","width":2560,"height":2560},{"@type":"BreadcrumbList","@id":"https:\/\/dizagn.fr\/produit\/jean-royere-fauteuil-france-circa-1940\/#breadcrumb","itemListElement":[{"@type":"ListItem","position":1,"name":"Accueil","item":"https:\/\/dizagn.fr\/"},{"@type":"ListItem","position":2,"name":"S\u00e9lection","item":"https:\/\/dizagn.fr\/"},{"@type":"ListItem","position":3,"name":"JEAN ROY\u00c8RE dans le go\u00fbt de, paire de fauteuils, France, circa 1940"}]},{"@type":"WebSite","@id":"https:\/\/dizagn.fr\/#website","url":"https:\/\/dizagn.fr\/","name":"DIZAGN","description":"","publisher":{"@id":"https:\/\/dizagn.fr\/#organization"},"potentialAction":[{"@type":"SearchAction","target":{"@type":"EntryPoint","urlTemplate":"https:\/\/dizagn.fr\/?s={search_term_string}"},"query-input":{"@type":"PropertyValueSpecification","valueRequired":true,"valueName":"search_term_string"}}],"inLanguage":"en-GB"},{"@type":"Organization","@id":"https:\/\/dizagn.fr\/#organization","name":"DIZAGN","url":"https:\/\/dizagn.fr\/","logo":{"@type":"ImageObject","inLanguage":"en-GB","@id":"https:\/\/dizagn.fr\/#\/schema\/logo\/image\/","url":"https:\/\/dizagn.fr\/wp-content\/uploads\/2023\/03\/logo-Dizagn.jpg","contentUrl":"https:\/\/dizagn.fr\/wp-content\/uploads\/2023\/03\/logo-Dizagn.jpg","width":304,"height":95,"caption":"DIZAGN"},"image":{"@id":"https:\/\/dizagn.fr\/#\/schema\/logo\/image\/"}}]}},"_links":{"self":[{"href":"https:\/\/dizagn.fr\/en\/wp-json\/wp\/v2\/product\/1814","targetHints":{"allow":["GET"]}}],"collection":[{"href":"https:\/\/dizagn.fr\/en\/wp-json\/wp\/v2\/product"}],"about":[{"href":"https:\/\/dizagn.fr\/en\/wp-json\/wp\/v2\/types\/product"}],"wp:featuredmedia":[{"embeddable":true,"href":"https:\/\/dizagn.fr\/en\/wp-json\/wp\/v2\/media\/2099"}],"wp:attachment":[{"href":"https:\/\/dizagn.fr\/en\/wp-json\/wp\/v2\/media?parent=1814"}],"wp:term":[{"taxonomy":"product_brand","embeddable":true,"href":"https:\/\/dizagn.fr\/en\/wp-json\/wp\/v2\/product_brand?post=1814"},{"taxonomy":"product_cat","embeddable":true,"href":"https:\/\/dizagn.fr\/en\/wp-json\/wp\/v2\/product_cat?post=1814"},{"taxonomy":"product_tag","embeddable":true,"href":"https:\/\/dizagn.fr\/en\/wp-json\/wp\/v2\/product_tag?post=1814"}],"curies":[{"name":"wp","href":"https:\/\/api.w.org\/{rel}","templated":true}]}}

JEAN ROYÈRE dans le goût de, paire de fauteuils, France, circa 1940

<p>Literature:</p>
<p>Modèle à rapprocher de ceux réalisés par Jean Royère pour la villa de Jacques Raverat au Havre en 1931</p>
<p>P.E Martin Vivier, Jean Royère, Paris, Norma ed., 2002<br />
Galerie Jacques Lacoste, Jean Royère, Paris, 2012</p>

<p>JEAN ROYÈRE (1902-1981) dans le goût de</p>
<p>Paire d’importants fauteuils<br />
France, circa 1940<br />
Chêne verni et chêne laqué blanc, mousse<br />
et velours mohair vert restauré</p>
<p>Une table basse au modèle (73,5 x 73,5 x 37,5 cm)<br />
est incluse dans l&rsquo;ensemble</p>
<p>1. Hauteur 64 (assise 37) x Largeur 79 x Profondeur 90 cm<br />
2. Hauteur 64 (assise 37) x Largeur 76 x Profondeur 95 cm</p>

<!-- This site is optimized with the Yoast SEO plugin v27.4 - https://yoast.com/product/yoast-seo-wordpress/ -->
<title>JEAN ROYÈRE dans le goût de, paire de fauteuils, France, circa 1940 - DIZAGN</title>
<meta name="robots" content="index, follow, max-snippet:-1, max-image-preview:large, max-video-preview:-1" />
<link rel="canonical" href="https://dizagn.fr/en/product/jean-royere-fauteuil-france-circa-1940/" />
<meta property="og:locale" content="en_GB" />
<meta property="og:type" content="article" />
<meta property="og:title" content="JEAN ROYÈRE dans le goût de, paire de fauteuils, France, circa 1940 - DIZAGN" />
<meta property="og:description" content="JEAN ROYÈRE (1902-1981) dans le goût de  Paire d’importants fauteuils France, circa 1940 Chêne verni et chêne laqué blanc, mousse et velours mohair vert restauré  Une table basse au modèle (73,5 x 73,5 x 37,5 cm) est incluse dans l&#039;ensemble  1. Hauteur 64 (assise 37) x Largeur 79 x Profondeur 90 cm 2. Hauteur 64 (assise 37) x Largeur 76 x Profondeur 95 cm" />
<meta property="og:url" content="https://dizagn.fr/en/product/jean-royere-fauteuil-france-circa-1940/" />
<meta property="og:site_name" content="DIZAGN" />
<meta property="article:modified_time" content="2026-04-16T00:58:43+00:00" />
<meta property="og:image" content="https://dizagn.fr/wp-content/uploads/2025/09/JEAN-ROYERE-in-the-taste-of-pair-of-armchairs-and-his-coffee-table-circa-1940-1-scaled.jpg" />
	<meta property="og:image:width" content="2560" />
	<meta property="og:image:height" content="2560" />
	<meta property="og:image:type" content="image/jpeg" />
<meta name="twitter:card" content="summary_large_image" />
<meta name="twitter:label1" content="Estimated reading time" />
	<meta name="twitter:data1" content="1 minute" />
<script type="application/ld+json" class="yoast-schema-graph">{"@context":"https:\/\/schema.org","@graph":[{"@type":"WebPage","@id":"https:\/\/dizagn.fr\/produit\/jean-royere-fauteuil-france-circa-1940\/","url":"https:\/\/dizagn.fr\/produit\/jean-royere-fauteuil-france-circa-1940\/","name":"JEAN ROYÈRE dans le goût de, paire de fauteuils, France, circa 1940 - DIZAGN","isPartOf":{"@id":"https:\/\/dizagn.fr\/#website"},"primaryImageOfPage":{"@id":"https:\/\/dizagn.fr\/produit\/jean-royere-fauteuil-france-circa-1940\/#primaryimage"},"image":{"@id":"https:\/\/dizagn.fr\/produit\/jean-royere-fauteuil-france-circa-1940\/#primaryimage"},"thumbnailUrl":"https:\/\/dizagn.fr\/wp-content\/uploads\/2025\/09\/JEAN-ROYERE-in-the-taste-of-pair-of-armchairs-and-his-coffee-table-circa-1940-1-scaled.jpg","datePublished":"2026-02-19T12:11:38+00:00","dateModified":"2026-04-16T00:58:43+00:00","breadcrumb":{"@id":"https:\/\/dizagn.fr\/produit\/jean-royere-fauteuil-france-circa-1940\/#breadcrumb"},"inLanguage":"en-GB","potentialAction":[{"@type":"ReadAction","target":["https:\/\/dizagn.fr\/produit\/jean-royere-fauteuil-france-circa-1940\/"]}]},{"@type":"ImageObject","inLanguage":"en-GB","@id":"https:\/\/dizagn.fr\/produit\/jean-royere-fauteuil-france-circa-1940\/#primaryimage","url":"https:\/\/dizagn.fr\/wp-content\/uploads\/2025\/09\/JEAN-ROYERE-in-the-taste-of-pair-of-armchairs-and-his-coffee-table-circa-1940-1-scaled.jpg","contentUrl":"https:\/\/dizagn.fr\/wp-content\/uploads\/2025\/09\/JEAN-ROYERE-in-the-taste-of-pair-of-armchairs-and-his-coffee-table-circa-1940-1-scaled.jpg","width":2560,"height":2560},{"@type":"BreadcrumbList","@id":"https:\/\/dizagn.fr\/produit\/jean-royere-fauteuil-france-circa-1940\/#breadcrumb","itemListElement":[{"@type":"ListItem","position":1,"name":"Accueil","item":"https:\/\/dizagn.fr\/"},{"@type":"ListItem","position":2,"name":"Sélection","item":"https:\/\/dizagn.fr\/"},{"@type":"ListItem","position":3,"name":"JEAN ROYÈRE dans le goût de, paire de fauteuils, France, circa 1940"}]},{"@type":"WebSite","@id":"https:\/\/dizagn.fr\/#website","url":"https:\/\/dizagn.fr\/","name":"DIZAGN","description":"","publisher":{"@id":"https:\/\/dizagn.fr\/#organization"},"potentialAction":[{"@type":"SearchAction","target":{"@type":"EntryPoint","urlTemplate":"https:\/\/dizagn.fr\/?s={search_term_string}"},"query-input":{"@type":"PropertyValueSpecification","valueRequired":true,"valueName":"search_term_string"}}],"inLanguage":"en-GB"},{"@type":"Organization","@id":"https:\/\/dizagn.fr\/#organization","name":"DIZAGN","url":"https:\/\/dizagn.fr\/","logo":{"@type":"ImageObject","inLanguage":"en-GB","@id":"https:\/\/dizagn.fr\/#\/schema\/logo\/image\/","url":"https:\/\/dizagn.fr\/wp-content\/uploads\/2023\/03\/logo-Dizagn.jpg","contentUrl":"https:\/\/dizagn.fr\/wp-content\/uploads\/2023\/03\/logo-Dizagn.jpg","width":304,"height":95,"caption":"DIZAGN"},"image":{"@id":"https:\/\/dizagn.fr\/#\/schema\/logo\/image\/"}}]}</script>
<!-- / Yoast SEO plugin. -->

JEAN ROYÈRE dans le goût de, paire de fauteuils, France, circa 1940 - DIZAGN

JEAN ROYÈRE (1902-1981) dans le goût de  Paire d’importants fauteuils France, circa 1940 Chêne verni et chêne laqué blanc, mousse et velours mohair vert restauré  Une table basse au modèle (73,5 x 73,5 x 37,5 cm) est incluse dans l'ensemble  1. Hauteur 64 (assise 37) x Largeur 79 x Profondeur 90 cm 2. Hauteur 64 (assise 37) x Largeur 76 x Profondeur 95 cm

Sélection
