{"id":1347,"date":"2024-05-19T08:34:03","date_gmt":"2024-05-19T06:34:03","guid":{"rendered":"http:\/\/dizagn.fr\/?post_type=product&#038;p=1347"},"modified":"2026-09-02T19:05:58","modified_gmt":"2026-09-02T17:05:58","slug":"jean-allemand-1948-applique-circa-1987","status":"publish","type":"product","link":"https:\/\/dizagn.fr\/en\/product\/jean-allemand-1948-applique-circa-1987\/","title":{"rendered":"JEAN ALLEMAND, WALL LIGHT, CIRCA 1987"},"content":{"rendered":"<p><strong>Biographie<\/strong><\/p>\n<p>Jean Allemand, n\u00e9 \u00e0 Toulon en 1948, est un peintre, sculpteur et designer fran\u00e7ais. Install\u00e9 \u00e0 Paris en 1967 apr\u00e8s des \u00e9tudes de math\u00e9matiques et un passage chez IBM, il s\u2019int\u00e9resse \u00e0 la repr\u00e9sentation de l\u2019espace et participe \u00e0 diff\u00e9rents salons \u00e0 partir de 1970.<\/p>\n<p>En 1974, il cofonde le groupe Space avec Maxime Defert et Michel Gu\u00e9ranger. \u00c0 partir de 1984, ses recherches sur la tridimensionnalit\u00e9 le conduisent vers la cr\u00e9ation de mobilier, puis vers l\u2019am\u00e9nagement int\u00e9rieur d\u00e8s 1988.<\/p>","protected":false},"excerpt":{"rendered":"<p>Jean Allemand (1948-), wall lamp, circa 1987<\/p>\n<p>Black lacquered metal, halogen<\/p>\n<p>Height 61 x Width 11 x Depth Max. 10 cm<\/p>","protected":false},"featured_media":2522,"template":"","meta":{"_et_pb_use_builder":"","_et_pb_old_content":"","_et_gb_content_width":""},"product_brand":[],"product_cat":[46,18],"product_tag":[],"class_list":["post-1347","product","type-product","status-publish","has-post-thumbnail","product_cat-mobilier","product_cat-selection","first","instock","shipping-taxable","purchasable","product-type-simple"],"yoast_head":"<!-- This site is optimized with the Yoast SEO plugin v28.3 - https:\/\/yoast.com\/product\/yoast-seo-wordpress\/ -->\n<title>Applique de Jean Allemand, vers 1987 | DIZAGN<\/title>\n<meta name=\"description\" content=\"Applique de Jean Allemand, vers 1987, en m\u00e9tal laqu\u00e9 noir avec \u00e9clairage halog\u00e8ne. Dimensions : 61 \u00d7 11 \u00d7 10 cm. Syst\u00e8me \u00e9lectrique fonctionnel.\" \/>\n<meta name=\"robots\" content=\"index, follow, max-snippet:-1, max-image-preview:large, max-video-preview:-1\" \/>\n<link rel=\"canonical\" href=\"https:\/\/dizagn.fr\/en\/product\/jean-allemand-1948-applique-circa-1987\/\" \/>\n<meta property=\"og:locale\" content=\"en_GB\" \/>\n<meta property=\"og:type\" content=\"article\" \/>\n<meta property=\"og:title\" content=\"Applique de Jean Allemand, vers 1987 | DIZAGN\" \/>\n<meta property=\"og:description\" content=\"Applique de Jean Allemand, vers 1987, en m\u00e9tal laqu\u00e9 noir avec \u00e9clairage halog\u00e8ne. Dimensions : 61 \u00d7 11 \u00d7 10 cm. Syst\u00e8me \u00e9lectrique fonctionnel.\" \/>\n<meta property=\"og:url\" content=\"https:\/\/dizagn.fr\/en\/product\/jean-allemand-1948-applique-circa-1987\/\" \/>\n<meta property=\"og:site_name\" content=\"DIZAGN\" \/>\n<meta property=\"article:modified_time\" content=\"2026-09-02T17:05:58+00:00\" \/>\n<meta property=\"og:image\" content=\"https:\/\/dizagn.fr\/wp-content\/uploads\/2024\/05\/ALLEMAND-Jean-wall-light-1.png\" \/>\n\t<meta property=\"og:image:width\" content=\"1254\" \/>\n\t<meta property=\"og:image:height\" content=\"1254\" \/>\n\t<meta property=\"og:image:type\" content=\"image\/png\" \/>\n<meta name=\"twitter:card\" content=\"summary_large_image\" \/>\n<meta name=\"twitter:label1\" content=\"Estimated reading time\" \/>\n\t<meta name=\"twitter:data1\" content=\"2 minutes\" \/>\n<script type=\"application\/ld+json\" class=\"yoast-schema-graph\">{\"@context\":\"https:\\\/\\\/schema.org\",\"@graph\":[{\"@type\":\"WebPage\",\"@id\":\"https:\\\/\\\/dizagn.fr\\\/produit\\\/jean-allemand-1948-applique-circa-1987\\\/\",\"url\":\"https:\\\/\\\/dizagn.fr\\\/produit\\\/jean-allemand-1948-applique-circa-1987\\\/\",\"name\":\"Applique de Jean Allemand, vers 1987 | DIZAGN\",\"isPartOf\":{\"@id\":\"https:\\\/\\\/dizagn.fr\\\/#website\"},\"primaryImageOfPage\":{\"@id\":\"https:\\\/\\\/dizagn.fr\\\/produit\\\/jean-allemand-1948-applique-circa-1987\\\/#primaryimage\"},\"image\":{\"@id\":\"https:\\\/\\\/dizagn.fr\\\/produit\\\/jean-allemand-1948-applique-circa-1987\\\/#primaryimage\"},\"thumbnailUrl\":\"https:\\\/\\\/dizagn.fr\\\/wp-content\\\/uploads\\\/2024\\\/05\\\/ALLEMAND-Jean-wall-light-1.png\",\"datePublished\":\"2024-05-19T06:34:03+00:00\",\"dateModified\":\"2026-09-02T17:05:58+00:00\",\"description\":\"Applique de Jean Allemand, vers 1987, en m\u00e9tal laqu\u00e9 noir avec \u00e9clairage halog\u00e8ne. Dimensions : 61 \u00d7 11 \u00d7 10 cm. Syst\u00e8me \u00e9lectrique fonctionnel.\",\"breadcrumb\":{\"@id\":\"https:\\\/\\\/dizagn.fr\\\/produit\\\/jean-allemand-1948-applique-circa-1987\\\/#breadcrumb\"},\"inLanguage\":\"en-GB\",\"potentialAction\":[{\"@type\":\"ReadAction\",\"target\":[\"https:\\\/\\\/dizagn.fr\\\/produit\\\/jean-allemand-1948-applique-circa-1987\\\/\"]}]},{\"@type\":\"ImageObject\",\"inLanguage\":\"en-GB\",\"@id\":\"https:\\\/\\\/dizagn.fr\\\/produit\\\/jean-allemand-1948-applique-circa-1987\\\/#primaryimage\",\"url\":\"https:\\\/\\\/dizagn.fr\\\/wp-content\\\/uploads\\\/2024\\\/05\\\/ALLEMAND-Jean-wall-light-1.png\",\"contentUrl\":\"https:\\\/\\\/dizagn.fr\\\/wp-content\\\/uploads\\\/2024\\\/05\\\/ALLEMAND-Jean-wall-light-1.png\",\"width\":1254,\"height\":1254,\"caption\":\"JEAN ALLEMAND, APPLIQUE, CIRCA 1987\"},{\"@type\":\"BreadcrumbList\",\"@id\":\"https:\\\/\\\/dizagn.fr\\\/produit\\\/jean-allemand-1948-applique-circa-1987\\\/#breadcrumb\",\"itemListElement\":[{\"@type\":\"ListItem\",\"position\":1,\"name\":\"Accueil\",\"item\":\"https:\\\/\\\/dizagn.fr\\\/\"},{\"@type\":\"ListItem\",\"position\":2,\"name\":\"S\u00e9lection\",\"item\":\"https:\\\/\\\/dizagn.fr\\\/\"},{\"@type\":\"ListItem\",\"position\":3,\"name\":\"JEAN ALLEMAND, APPLIQUE, CIRCA 1987\"}]},{\"@type\":\"WebSite\",\"@id\":\"https:\\\/\\\/dizagn.fr\\\/#website\",\"url\":\"https:\\\/\\\/dizagn.fr\\\/\",\"name\":\"DIZAGN\",\"description\":\"French collectible design, 1945\u20131980\",\"publisher\":{\"@id\":\"https:\\\/\\\/dizagn.fr\\\/#organization\"},\"potentialAction\":[{\"@type\":\"SearchAction\",\"target\":{\"@type\":\"EntryPoint\",\"urlTemplate\":\"https:\\\/\\\/dizagn.fr\\\/?s={search_term_string}\"},\"query-input\":{\"@type\":\"PropertyValueSpecification\",\"valueRequired\":true,\"valueName\":\"search_term_string\"}}],\"inLanguage\":\"en-GB\"},{\"@type\":\"Organization\",\"@id\":\"https:\\\/\\\/dizagn.fr\\\/#organization\",\"name\":\"DIZAGN\",\"url\":\"https:\\\/\\\/dizagn.fr\\\/\",\"logo\":{\"@type\":\"ImageObject\",\"inLanguage\":\"en-GB\",\"@id\":\"https:\\\/\\\/dizagn.fr\\\/#\\\/schema\\\/logo\\\/image\\\/\",\"url\":\"https:\\\/\\\/dizagn.fr\\\/wp-content\\\/uploads\\\/2023\\\/03\\\/logo-Dizagn.jpg\",\"contentUrl\":\"https:\\\/\\\/dizagn.fr\\\/wp-content\\\/uploads\\\/2023\\\/03\\\/logo-Dizagn.jpg\",\"width\":304,\"height\":95,\"caption\":\"DIZAGN\"},\"image\":{\"@id\":\"https:\\\/\\\/dizagn.fr\\\/#\\\/schema\\\/logo\\\/image\\\/\"}}]}<\/script>\n<!-- \/ Yoast SEO plugin. -->","yoast_head_json":{"title":"Applique de Jean Allemand, vers 1987 | DIZAGN","description":"Applique de Jean Allemand, vers 1987, en m\u00e9tal laqu\u00e9 noir avec \u00e9clairage halog\u00e8ne. Dimensions : 61 \u00d7 11 \u00d7 10 cm. Syst\u00e8me \u00e9lectrique fonctionnel.","robots":{"index":"index","follow":"follow","max-snippet":"max-snippet:-1","max-image-preview":"max-image-preview:large","max-video-preview":"max-video-preview:-1"},"canonical":"https:\/\/dizagn.fr\/en\/product\/jean-allemand-1948-applique-circa-1987\/","og_locale":"en_GB","og_type":"article","og_title":"Applique de Jean Allemand, vers 1987 | DIZAGN","og_description":"Applique de Jean Allemand, vers 1987, en m\u00e9tal laqu\u00e9 noir avec \u00e9clairage halog\u00e8ne. Dimensions : 61 \u00d7 11 \u00d7 10 cm. Syst\u00e8me \u00e9lectrique fonctionnel.","og_url":"https:\/\/dizagn.fr\/en\/product\/jean-allemand-1948-applique-circa-1987\/","og_site_name":"DIZAGN","article_modified_time":"2026-09-02T17:05:58+00:00","og_image":[{"width":1254,"height":1254,"url":"https:\/\/dizagn.fr\/wp-content\/uploads\/2024\/05\/ALLEMAND-Jean-wall-light-1.png","type":"image\/png"}],"twitter_card":"summary_large_image","twitter_misc":{"Estimated reading time":"2 minutes"},"schema":{"@context":"https:\/\/schema.org","@graph":[{"@type":"WebPage","@id":"https:\/\/dizagn.fr\/produit\/jean-allemand-1948-applique-circa-1987\/","url":"https:\/\/dizagn.fr\/produit\/jean-allemand-1948-applique-circa-1987\/","name":"Applique de Jean Allemand, vers 1987 | DIZAGN","isPartOf":{"@id":"https:\/\/dizagn.fr\/#website"},"primaryImageOfPage":{"@id":"https:\/\/dizagn.fr\/produit\/jean-allemand-1948-applique-circa-1987\/#primaryimage"},"image":{"@id":"https:\/\/dizagn.fr\/produit\/jean-allemand-1948-applique-circa-1987\/#primaryimage"},"thumbnailUrl":"https:\/\/dizagn.fr\/wp-content\/uploads\/2024\/05\/ALLEMAND-Jean-wall-light-1.png","datePublished":"2024-05-19T06:34:03+00:00","dateModified":"2026-09-02T17:05:58+00:00","description":"Applique de Jean Allemand, vers 1987, en m\u00e9tal laqu\u00e9 noir avec \u00e9clairage halog\u00e8ne. Dimensions : 61 \u00d7 11 \u00d7 10 cm. Syst\u00e8me \u00e9lectrique fonctionnel.","breadcrumb":{"@id":"https:\/\/dizagn.fr\/produit\/jean-allemand-1948-applique-circa-1987\/#breadcrumb"},"inLanguage":"en-GB","potentialAction":[{"@type":"ReadAction","target":["https:\/\/dizagn.fr\/produit\/jean-allemand-1948-applique-circa-1987\/"]}]},{"@type":"ImageObject","inLanguage":"en-GB","@id":"https:\/\/dizagn.fr\/produit\/jean-allemand-1948-applique-circa-1987\/#primaryimage","url":"https:\/\/dizagn.fr\/wp-content\/uploads\/2024\/05\/ALLEMAND-Jean-wall-light-1.png","contentUrl":"https:\/\/dizagn.fr\/wp-content\/uploads\/2024\/05\/ALLEMAND-Jean-wall-light-1.png","width":1254,"height":1254,"caption":"JEAN ALLEMAND, APPLIQUE, CIRCA 1987"},{"@type":"BreadcrumbList","@id":"https:\/\/dizagn.fr\/produit\/jean-allemand-1948-applique-circa-1987\/#breadcrumb","itemListElement":[{"@type":"ListItem","position":1,"name":"Accueil","item":"https:\/\/dizagn.fr\/"},{"@type":"ListItem","position":2,"name":"S\u00e9lection","item":"https:\/\/dizagn.fr\/"},{"@type":"ListItem","position":3,"name":"JEAN ALLEMAND, APPLIQUE, CIRCA 1987"}]},{"@type":"WebSite","@id":"https:\/\/dizagn.fr\/#website","url":"https:\/\/dizagn.fr\/","name":"DIZAGN","description":"French collectible design, 1945\u20131980","publisher":{"@id":"https:\/\/dizagn.fr\/#organization"},"potentialAction":[{"@type":"SearchAction","target":{"@type":"EntryPoint","urlTemplate":"https:\/\/dizagn.fr\/?s={search_term_string}"},"query-input":{"@type":"PropertyValueSpecification","valueRequired":true,"valueName":"search_term_string"}}],"inLanguage":"en-GB"},{"@type":"Organization","@id":"https:\/\/dizagn.fr\/#organization","name":"DIZAGN","url":"https:\/\/dizagn.fr\/","logo":{"@type":"ImageObject","inLanguage":"en-GB","@id":"https:\/\/dizagn.fr\/#\/schema\/logo\/image\/","url":"https:\/\/dizagn.fr\/wp-content\/uploads\/2023\/03\/logo-Dizagn.jpg","contentUrl":"https:\/\/dizagn.fr\/wp-content\/uploads\/2023\/03\/logo-Dizagn.jpg","width":304,"height":95,"caption":"DIZAGN"},"image":{"@id":"https:\/\/dizagn.fr\/#\/schema\/logo\/image\/"}}]}},"_links":{"self":[{"href":"https:\/\/dizagn.fr\/en\/wp-json\/wp\/v2\/product\/1347","targetHints":{"allow":["GET"]}}],"collection":[{"href":"https:\/\/dizagn.fr\/en\/wp-json\/wp\/v2\/product"}],"about":[{"href":"https:\/\/dizagn.fr\/en\/wp-json\/wp\/v2\/types\/product"}],"wp:featuredmedia":[{"embeddable":true,"href":"https:\/\/dizagn.fr\/en\/wp-json\/wp\/v2\/media\/2522"}],"wp:attachment":[{"href":"https:\/\/dizagn.fr\/en\/wp-json\/wp\/v2\/media?parent=1347"}],"wp:term":[{"taxonomy":"product_brand","embeddable":true,"href":"https:\/\/dizagn.fr\/en\/wp-json\/wp\/v2\/product_brand?post=1347"},{"taxonomy":"product_cat","embeddable":true,"href":"https:\/\/dizagn.fr\/en\/wp-json\/wp\/v2\/product_cat?post=1347"},{"taxonomy":"product_tag","embeddable":true,"href":"https:\/\/dizagn.fr\/en\/wp-json\/wp\/v2\/product_tag?post=1347"}],"curies":[{"name":"wp","href":"https:\/\/api.w.org\/{rel}","templated":true}]}}

<p><strong>Biographie</strong></p>
<p>Jean Allemand, né à Toulon en 1948, est un peintre, sculpteur et designer français. Installé à Paris en 1967 après des études de mathématiques et un passage chez IBM, il s’intéresse à la représentation de l’espace et participe à différents salons à partir de 1970.</p>
<p>En 1974, il cofonde le groupe Space avec Maxime Defert et Michel Guéranger. À partir de 1984, ses recherches sur la tridimensionnalité le conduisent vers la création de mobilier, puis vers l’aménagement intérieur dès 1988.</p>

<!-- This site is optimized with the Yoast SEO plugin v28.3 - https://yoast.com/product/yoast-seo-wordpress/ -->
<title>Applique de Jean Allemand, vers 1987 | DIZAGN</title>
<meta name="description" content="Applique de Jean Allemand, vers 1987, en métal laqué noir avec éclairage halogène. Dimensions : 61 × 11 × 10 cm. Système électrique fonctionnel." />
<meta name="robots" content="index, follow, max-snippet:-1, max-image-preview:large, max-video-preview:-1" />
<link rel="canonical" href="https://dizagn.fr/en/product/jean-allemand-1948-applique-circa-1987/" />
<meta property="og:locale" content="en_GB" />
<meta property="og:type" content="article" />
<meta property="og:title" content="Applique de Jean Allemand, vers 1987 | DIZAGN" />
<meta property="og:description" content="Applique de Jean Allemand, vers 1987, en métal laqué noir avec éclairage halogène. Dimensions : 61 × 11 × 10 cm. Système électrique fonctionnel." />
<meta property="og:url" content="https://dizagn.fr/en/product/jean-allemand-1948-applique-circa-1987/" />
<meta property="og:site_name" content="DIZAGN" />
<meta property="article:modified_time" content="2026-09-02T17:05:58+00:00" />
<meta property="og:image" content="https://dizagn.fr/wp-content/uploads/2024/05/ALLEMAND-Jean-wall-light-1.png" />
	<meta property="og:image:width" content="1254" />
	<meta property="og:image:height" content="1254" />
	<meta property="og:image:type" content="image/png" />
<meta name="twitter:card" content="summary_large_image" />
<meta name="twitter:label1" content="Estimated reading time" />
	<meta name="twitter:data1" content="2 minutes" />
<script type="application/ld+json" class="yoast-schema-graph">{"@context":"https:\/\/schema.org","@graph":[{"@type":"WebPage","@id":"https:\/\/dizagn.fr\/produit\/jean-allemand-1948-applique-circa-1987\/","url":"https:\/\/dizagn.fr\/produit\/jean-allemand-1948-applique-circa-1987\/","name":"Applique de Jean Allemand, vers 1987 | DIZAGN","isPartOf":{"@id":"https:\/\/dizagn.fr\/#website"},"primaryImageOfPage":{"@id":"https:\/\/dizagn.fr\/produit\/jean-allemand-1948-applique-circa-1987\/#primaryimage"},"image":{"@id":"https:\/\/dizagn.fr\/produit\/jean-allemand-1948-applique-circa-1987\/#primaryimage"},"thumbnailUrl":"https:\/\/dizagn.fr\/wp-content\/uploads\/2024\/05\/ALLEMAND-Jean-wall-light-1.png","datePublished":"2024-05-19T06:34:03+00:00","dateModified":"2026-09-02T17:05:58+00:00","description":"Applique de Jean Allemand, vers 1987, en métal laqué noir avec éclairage halogène. Dimensions : 61 × 11 × 10 cm. Système électrique fonctionnel.","breadcrumb":{"@id":"https:\/\/dizagn.fr\/produit\/jean-allemand-1948-applique-circa-1987\/#breadcrumb"},"inLanguage":"en-GB","potentialAction":[{"@type":"ReadAction","target":["https:\/\/dizagn.fr\/produit\/jean-allemand-1948-applique-circa-1987\/"]}]},{"@type":"ImageObject","inLanguage":"en-GB","@id":"https:\/\/dizagn.fr\/produit\/jean-allemand-1948-applique-circa-1987\/#primaryimage","url":"https:\/\/dizagn.fr\/wp-content\/uploads\/2024\/05\/ALLEMAND-Jean-wall-light-1.png","contentUrl":"https:\/\/dizagn.fr\/wp-content\/uploads\/2024\/05\/ALLEMAND-Jean-wall-light-1.png","width":1254,"height":1254,"caption":"JEAN ALLEMAND, APPLIQUE, CIRCA 1987"},{"@type":"BreadcrumbList","@id":"https:\/\/dizagn.fr\/produit\/jean-allemand-1948-applique-circa-1987\/#breadcrumb","itemListElement":[{"@type":"ListItem","position":1,"name":"Accueil","item":"https:\/\/dizagn.fr\/"},{"@type":"ListItem","position":2,"name":"Sélection","item":"https:\/\/dizagn.fr\/"},{"@type":"ListItem","position":3,"name":"JEAN ALLEMAND, APPLIQUE, CIRCA 1987"}]},{"@type":"WebSite","@id":"https:\/\/dizagn.fr\/#website","url":"https:\/\/dizagn.fr\/","name":"DIZAGN","description":"French collectible design, 1945–1980","publisher":{"@id":"https:\/\/dizagn.fr\/#organization"},"potentialAction":[{"@type":"SearchAction","target":{"@type":"EntryPoint","urlTemplate":"https:\/\/dizagn.fr\/?s={search_term_string}"},"query-input":{"@type":"PropertyValueSpecification","valueRequired":true,"valueName":"search_term_string"}}],"inLanguage":"en-GB"},{"@type":"Organization","@id":"https:\/\/dizagn.fr\/#organization","name":"DIZAGN","url":"https:\/\/dizagn.fr\/","logo":{"@type":"ImageObject","inLanguage":"en-GB","@id":"https:\/\/dizagn.fr\/#\/schema\/logo\/image\/","url":"https:\/\/dizagn.fr\/wp-content\/uploads\/2023\/03\/logo-Dizagn.jpg","contentUrl":"https:\/\/dizagn.fr\/wp-content\/uploads\/2023\/03\/logo-Dizagn.jpg","width":304,"height":95,"caption":"DIZAGN"},"image":{"@id":"https:\/\/dizagn.fr\/#\/schema\/logo\/image\/"}}]}</script>
<!-- / Yoast SEO plugin. -->

Applique de Jean Allemand, vers 1987, en métal laqué noir avec éclairage halogène. Dimensions : 61 × 11 × 10 cm. Système électrique fonctionnel.

Sélection
