{"id":1347,"date":"2024-05-19T08:34:03","date_gmt":"2024-05-19T06:34:03","guid":{"rendered":"http:\/\/dizagn.fr\/?post_type=product&#038;p=1347"},"modified":"2024-07-11T11:24:41","modified_gmt":"2024-07-11T09:24:41","slug":"jean-allemand-1948-applique-circa-1987","status":"publish","type":"product","link":"https:\/\/dizagn.fr\/en\/product\/jean-allemand-1948-applique-circa-1987\/","title":{"rendered":"JEAN ALLEMAND, WALL LIGHT, CIRCA 1987"},"content":{"rendered":"<p>Condition report: <\/p>\n<p>good general condition, slight scratches and marks on the metal part.<br \/>\nThe electrical system is functional. However, we recommend that you have it serviced by a professional.<\/p>\n<p>Biography: <\/p>\n<p>Jean Allemand is a French painter, sculptor and designer born in Toulon on July 21, 1948. \nHe is known as co-founder of the Space group.<br \/>\nIl est connu comme cofondateur du groupe Space.<\/p>\n<p>Jean Allemand moved to Paris in 1967. After studying mathematics and working for IBM, he became interested in the representation of space. From 1970 onwards, he took part in various art fairs, and it was at the \u201cGrands et Jeunes d'aujourd'hui\u201d fair in 1972 that he met Maxime Defert and Michel Gu\u00e9ranger, who shared his interest in the representation of space.<br \/>\nAt the end of 1974, he co-founded Space with Maxime Defert and Michel Gu\u00e9ranger, whose style was then described as fantastic geometric abstraction.<br \/>\nAt the time, he was working with an A\u00e9rographe, which was new in the art world. <\/p>\n<p>His aim was to erase the brushstroke and give his creations a more photographic, geometric look.<br \/>\nAt the time, Jean Allemand confided that the space he sought to represent was more interior, and that his paintings were meditative.<br \/>\nFrom 1984 onwards, his interest in three-dimensionality led him to design furniture, followed by interiors from 1988 onwards.<br \/>\nHis furniture production includes the table and chairs for the 1 p.m. news broadcast on TF1, France's number-one channel, for the famous presenter Yves Mourousi.<\/p>","protected":false},"excerpt":{"rendered":"<p>Jean Allemand (1948-), wall lamp, circa 1987<\/p>\n<p>Black lacquered metal, halogen<\/p>\n<p>Height 61 x Width 11 x Depth Max. 10 cm<\/p>","protected":false},"featured_media":1348,"template":"","meta":{"_et_pb_use_builder":"","_et_pb_old_content":"","_et_gb_content_width":""},"product_brand":[],"product_cat":[18],"product_tag":[],"class_list":{"0":"post-1347","1":"product","2":"type-product","3":"status-publish","4":"has-post-thumbnail","6":"product_cat-selection","8":"first","9":"instock","10":"shipping-taxable","11":"purchasable","12":"product-type-simple"},"yoast_head":"<!-- This site is optimized with the Yoast SEO plugin v27.4 - https:\/\/yoast.com\/product\/yoast-seo-wordpress\/ -->\n<title>JEAN ALLEMAND, APPLIQUE, CIRCA 1987 - DIZAGN<\/title>\n<meta name=\"robots\" content=\"index, follow, max-snippet:-1, max-image-preview:large, max-video-preview:-1\" \/>\n<link rel=\"canonical\" href=\"https:\/\/dizagn.fr\/en\/product\/jean-allemand-1948-applique-circa-1987\/\" \/>\n<meta property=\"og:locale\" content=\"en_GB\" \/>\n<meta property=\"og:type\" content=\"article\" \/>\n<meta property=\"og:title\" content=\"JEAN ALLEMAND, APPLIQUE, CIRCA 1987 - DIZAGN\" \/>\n<meta property=\"og:description\" content=\"Jean Allemand (1948-), applique, circa 1987  M\u00e9tal laqu\u00e9 noir, halog\u00e8ne  Haut. 61 x Larg. 11 x Prof Max. 10 cm\" \/>\n<meta property=\"og:url\" content=\"https:\/\/dizagn.fr\/en\/product\/jean-allemand-1948-applique-circa-1987\/\" \/>\n<meta property=\"og:site_name\" content=\"DIZAGN\" \/>\n<meta property=\"article:modified_time\" content=\"2024-07-11T09:24:41+00:00\" \/>\n<meta property=\"og:image\" content=\"https:\/\/dizagn.fr\/wp-content\/uploads\/2024\/05\/ALLEMAND-Jean-applique-circa-1987-1.jpg\" \/>\n\t<meta property=\"og:image:width\" content=\"1500\" \/>\n\t<meta property=\"og:image:height\" content=\"1500\" \/>\n\t<meta property=\"og:image:type\" content=\"image\/jpeg\" \/>\n<meta name=\"twitter:card\" content=\"summary_large_image\" \/>\n<meta name=\"twitter:label1\" content=\"Estimated reading time\" \/>\n\t<meta name=\"twitter:data1\" content=\"2 minutes\" \/>\n<script type=\"application\/ld+json\" class=\"yoast-schema-graph\">{\"@context\":\"https:\\\/\\\/schema.org\",\"@graph\":[{\"@type\":\"WebPage\",\"@id\":\"https:\\\/\\\/dizagn.fr\\\/en\\\/product\\\/jean-allemand-1948-applique-circa-1987\\\/\",\"url\":\"https:\\\/\\\/dizagn.fr\\\/en\\\/product\\\/jean-allemand-1948-applique-circa-1987\\\/\",\"name\":\"JEAN ALLEMAND, APPLIQUE, CIRCA 1987 - DIZAGN\",\"isPartOf\":{\"@id\":\"https:\\\/\\\/dizagn.fr\\\/#website\"},\"primaryImageOfPage\":{\"@id\":\"https:\\\/\\\/dizagn.fr\\\/en\\\/product\\\/jean-allemand-1948-applique-circa-1987\\\/#primaryimage\"},\"image\":{\"@id\":\"https:\\\/\\\/dizagn.fr\\\/en\\\/product\\\/jean-allemand-1948-applique-circa-1987\\\/#primaryimage\"},\"thumbnailUrl\":\"https:\\\/\\\/dizagn.fr\\\/wp-content\\\/uploads\\\/2024\\\/05\\\/ALLEMAND-Jean-applique-circa-1987-1.jpg\",\"datePublished\":\"2024-05-19T06:34:03+00:00\",\"dateModified\":\"2024-07-11T09:24:41+00:00\",\"breadcrumb\":{\"@id\":\"https:\\\/\\\/dizagn.fr\\\/en\\\/product\\\/jean-allemand-1948-applique-circa-1987\\\/#breadcrumb\"},\"inLanguage\":\"en-GB\",\"potentialAction\":[{\"@type\":\"ReadAction\",\"target\":[\"https:\\\/\\\/dizagn.fr\\\/en\\\/product\\\/jean-allemand-1948-applique-circa-1987\\\/\"]}]},{\"@type\":\"ImageObject\",\"inLanguage\":\"en-GB\",\"@id\":\"https:\\\/\\\/dizagn.fr\\\/en\\\/product\\\/jean-allemand-1948-applique-circa-1987\\\/#primaryimage\",\"url\":\"https:\\\/\\\/dizagn.fr\\\/wp-content\\\/uploads\\\/2024\\\/05\\\/ALLEMAND-Jean-applique-circa-1987-1.jpg\",\"contentUrl\":\"https:\\\/\\\/dizagn.fr\\\/wp-content\\\/uploads\\\/2024\\\/05\\\/ALLEMAND-Jean-applique-circa-1987-1.jpg\",\"width\":1500,\"height\":1500},{\"@type\":\"BreadcrumbList\",\"@id\":\"https:\\\/\\\/dizagn.fr\\\/en\\\/product\\\/jean-allemand-1948-applique-circa-1987\\\/#breadcrumb\",\"itemListElement\":[{\"@type\":\"ListItem\",\"position\":1,\"name\":\"Accueil\",\"item\":\"https:\\\/\\\/dizagn.fr\\\/\"},{\"@type\":\"ListItem\",\"position\":2,\"name\":\"S\u00e9lection\",\"item\":\"https:\\\/\\\/dizagn.fr\\\/\"},{\"@type\":\"ListItem\",\"position\":3,\"name\":\"JEAN ALLEMAND, APPLIQUE, CIRCA 1987\"}]},{\"@type\":\"WebSite\",\"@id\":\"https:\\\/\\\/dizagn.fr\\\/#website\",\"url\":\"https:\\\/\\\/dizagn.fr\\\/\",\"name\":\"DIZAGN\",\"description\":\"\",\"publisher\":{\"@id\":\"https:\\\/\\\/dizagn.fr\\\/#organization\"},\"potentialAction\":[{\"@type\":\"SearchAction\",\"target\":{\"@type\":\"EntryPoint\",\"urlTemplate\":\"https:\\\/\\\/dizagn.fr\\\/?s={search_term_string}\"},\"query-input\":{\"@type\":\"PropertyValueSpecification\",\"valueRequired\":true,\"valueName\":\"search_term_string\"}}],\"inLanguage\":\"en-GB\"},{\"@type\":\"Organization\",\"@id\":\"https:\\\/\\\/dizagn.fr\\\/#organization\",\"name\":\"DIZAGN\",\"url\":\"https:\\\/\\\/dizagn.fr\\\/\",\"logo\":{\"@type\":\"ImageObject\",\"inLanguage\":\"en-GB\",\"@id\":\"https:\\\/\\\/dizagn.fr\\\/#\\\/schema\\\/logo\\\/image\\\/\",\"url\":\"https:\\\/\\\/dizagn.fr\\\/wp-content\\\/uploads\\\/2023\\\/03\\\/logo-Dizagn.jpg\",\"contentUrl\":\"https:\\\/\\\/dizagn.fr\\\/wp-content\\\/uploads\\\/2023\\\/03\\\/logo-Dizagn.jpg\",\"width\":304,\"height\":95,\"caption\":\"DIZAGN\"},\"image\":{\"@id\":\"https:\\\/\\\/dizagn.fr\\\/#\\\/schema\\\/logo\\\/image\\\/\"}}]}<\/script>\n<!-- \/ Yoast SEO plugin. -->","yoast_head_json":{"title":"JEAN ALLEMAND, APPLIQUE, CIRCA 1987 - DIZAGN","robots":{"index":"index","follow":"follow","max-snippet":"max-snippet:-1","max-image-preview":"max-image-preview:large","max-video-preview":"max-video-preview:-1"},"canonical":"https:\/\/dizagn.fr\/en\/product\/jean-allemand-1948-applique-circa-1987\/","og_locale":"en_GB","og_type":"article","og_title":"JEAN ALLEMAND, APPLIQUE, CIRCA 1987 - DIZAGN","og_description":"Jean Allemand (1948-), applique, circa 1987  M\u00e9tal laqu\u00e9 noir, halog\u00e8ne  Haut. 61 x Larg. 11 x Prof Max. 10 cm","og_url":"https:\/\/dizagn.fr\/en\/product\/jean-allemand-1948-applique-circa-1987\/","og_site_name":"DIZAGN","article_modified_time":"2024-07-11T09:24:41+00:00","og_image":[{"width":1500,"height":1500,"url":"https:\/\/dizagn.fr\/wp-content\/uploads\/2024\/05\/ALLEMAND-Jean-applique-circa-1987-1.jpg","type":"image\/jpeg"}],"twitter_card":"summary_large_image","twitter_misc":{"Estimated reading time":"2 minutes"},"schema":{"@context":"https:\/\/schema.org","@graph":[{"@type":"WebPage","@id":"https:\/\/dizagn.fr\/en\/product\/jean-allemand-1948-applique-circa-1987\/","url":"https:\/\/dizagn.fr\/en\/product\/jean-allemand-1948-applique-circa-1987\/","name":"JEAN ALLEMAND, APPLIQUE, CIRCA 1987 - DIZAGN","isPartOf":{"@id":"https:\/\/dizagn.fr\/#website"},"primaryImageOfPage":{"@id":"https:\/\/dizagn.fr\/en\/product\/jean-allemand-1948-applique-circa-1987\/#primaryimage"},"image":{"@id":"https:\/\/dizagn.fr\/en\/product\/jean-allemand-1948-applique-circa-1987\/#primaryimage"},"thumbnailUrl":"https:\/\/dizagn.fr\/wp-content\/uploads\/2024\/05\/ALLEMAND-Jean-applique-circa-1987-1.jpg","datePublished":"2024-05-19T06:34:03+00:00","dateModified":"2024-07-11T09:24:41+00:00","breadcrumb":{"@id":"https:\/\/dizagn.fr\/en\/product\/jean-allemand-1948-applique-circa-1987\/#breadcrumb"},"inLanguage":"en-GB","potentialAction":[{"@type":"ReadAction","target":["https:\/\/dizagn.fr\/en\/product\/jean-allemand-1948-applique-circa-1987\/"]}]},{"@type":"ImageObject","inLanguage":"en-GB","@id":"https:\/\/dizagn.fr\/en\/product\/jean-allemand-1948-applique-circa-1987\/#primaryimage","url":"https:\/\/dizagn.fr\/wp-content\/uploads\/2024\/05\/ALLEMAND-Jean-applique-circa-1987-1.jpg","contentUrl":"https:\/\/dizagn.fr\/wp-content\/uploads\/2024\/05\/ALLEMAND-Jean-applique-circa-1987-1.jpg","width":1500,"height":1500},{"@type":"BreadcrumbList","@id":"https:\/\/dizagn.fr\/en\/product\/jean-allemand-1948-applique-circa-1987\/#breadcrumb","itemListElement":[{"@type":"ListItem","position":1,"name":"Accueil","item":"https:\/\/dizagn.fr\/"},{"@type":"ListItem","position":2,"name":"S\u00e9lection","item":"https:\/\/dizagn.fr\/"},{"@type":"ListItem","position":3,"name":"JEAN ALLEMAND, APPLIQUE, CIRCA 1987"}]},{"@type":"WebSite","@id":"https:\/\/dizagn.fr\/#website","url":"https:\/\/dizagn.fr\/","name":"DIZAGN","description":"","publisher":{"@id":"https:\/\/dizagn.fr\/#organization"},"potentialAction":[{"@type":"SearchAction","target":{"@type":"EntryPoint","urlTemplate":"https:\/\/dizagn.fr\/?s={search_term_string}"},"query-input":{"@type":"PropertyValueSpecification","valueRequired":true,"valueName":"search_term_string"}}],"inLanguage":"en-GB"},{"@type":"Organization","@id":"https:\/\/dizagn.fr\/#organization","name":"DIZAGN","url":"https:\/\/dizagn.fr\/","logo":{"@type":"ImageObject","inLanguage":"en-GB","@id":"https:\/\/dizagn.fr\/#\/schema\/logo\/image\/","url":"https:\/\/dizagn.fr\/wp-content\/uploads\/2023\/03\/logo-Dizagn.jpg","contentUrl":"https:\/\/dizagn.fr\/wp-content\/uploads\/2023\/03\/logo-Dizagn.jpg","width":304,"height":95,"caption":"DIZAGN"},"image":{"@id":"https:\/\/dizagn.fr\/#\/schema\/logo\/image\/"}}]}},"_links":{"self":[{"href":"https:\/\/dizagn.fr\/en\/wp-json\/wp\/v2\/product\/1347","targetHints":{"allow":["GET"]}}],"collection":[{"href":"https:\/\/dizagn.fr\/en\/wp-json\/wp\/v2\/product"}],"about":[{"href":"https:\/\/dizagn.fr\/en\/wp-json\/wp\/v2\/types\/product"}],"wp:featuredmedia":[{"embeddable":true,"href":"https:\/\/dizagn.fr\/en\/wp-json\/wp\/v2\/media\/1348"}],"wp:attachment":[{"href":"https:\/\/dizagn.fr\/en\/wp-json\/wp\/v2\/media?parent=1347"}],"wp:term":[{"taxonomy":"product_brand","embeddable":true,"href":"https:\/\/dizagn.fr\/en\/wp-json\/wp\/v2\/product_brand?post=1347"},{"taxonomy":"product_cat","embeddable":true,"href":"https:\/\/dizagn.fr\/en\/wp-json\/wp\/v2\/product_cat?post=1347"},{"taxonomy":"product_tag","embeddable":true,"href":"https:\/\/dizagn.fr\/en\/wp-json\/wp\/v2\/product_tag?post=1347"}],"curies":[{"name":"wp","href":"https:\/\/api.w.org\/{rel}","templated":true}]}}

<p>Condition report: </p>
<p>good general condition, slight scratches and marks on the metal part.<br />
The electrical system is functional. However, we recommend that you have it serviced by a professional.</p>
<p>Biography: </p>
<p>Jean Allemand is a French painter, sculptor and designer born in Toulon on July 21, 1948. 
He is known as co-founder of the Space group.<br />
Il est connu comme cofondateur du groupe Space.</p>
<p>Jean Allemand moved to Paris in 1967. After studying mathematics and working for IBM, he became interested in the representation of space. From 1970 onwards, he took part in various art fairs, and it was at the “Grands et Jeunes d'aujourd'hui” fair in 1972 that he met Maxime Defert and Michel Guéranger, who shared his interest in the representation of space.<br />
At the end of 1974, he co-founded Space with Maxime Defert and Michel Guéranger, whose style was then described as fantastic geometric abstraction.<br />
At the time, he was working with an Aérographe, which was new in the art world. </p>
<p>His aim was to erase the brushstroke and give his creations a more photographic, geometric look.<br />
At the time, Jean Allemand confided that the space he sought to represent was more interior, and that his paintings were meditative.<br />
From 1984 onwards, his interest in three-dimensionality led him to design furniture, followed by interiors from 1988 onwards.<br />
His furniture production includes the table and chairs for the 1 p.m. news broadcast on TF1, France's number-one channel, for the famous presenter Yves Mourousi.</p>

<!-- This site is optimized with the Yoast SEO plugin v27.4 - https://yoast.com/product/yoast-seo-wordpress/ -->
<title>JEAN ALLEMAND, APPLIQUE, CIRCA 1987 - DIZAGN</title>
<meta name="robots" content="index, follow, max-snippet:-1, max-image-preview:large, max-video-preview:-1" />
<link rel="canonical" href="https://dizagn.fr/en/product/jean-allemand-1948-applique-circa-1987/" />
<meta property="og:locale" content="en_GB" />
<meta property="og:type" content="article" />
<meta property="og:title" content="JEAN ALLEMAND, APPLIQUE, CIRCA 1987 - DIZAGN" />
<meta property="og:description" content="Jean Allemand (1948-), applique, circa 1987  Métal laqué noir, halogène  Haut. 61 x Larg. 11 x Prof Max. 10 cm" />
<meta property="og:url" content="https://dizagn.fr/en/product/jean-allemand-1948-applique-circa-1987/" />
<meta property="og:site_name" content="DIZAGN" />
<meta property="article:modified_time" content="2024-07-11T09:24:41+00:00" />
<meta property="og:image" content="https://dizagn.fr/wp-content/uploads/2024/05/ALLEMAND-Jean-applique-circa-1987-1.jpg" />
	<meta property="og:image:width" content="1500" />
	<meta property="og:image:height" content="1500" />
	<meta property="og:image:type" content="image/jpeg" />
<meta name="twitter:card" content="summary_large_image" />
<meta name="twitter:label1" content="Estimated reading time" />
	<meta name="twitter:data1" content="2 minutes" />
<script type="application/ld+json" class="yoast-schema-graph">{"@context":"https:\/\/schema.org","@graph":[{"@type":"WebPage","@id":"https:\/\/dizagn.fr\/en\/product\/jean-allemand-1948-applique-circa-1987\/","url":"https:\/\/dizagn.fr\/en\/product\/jean-allemand-1948-applique-circa-1987\/","name":"JEAN ALLEMAND, APPLIQUE, CIRCA 1987 - DIZAGN","isPartOf":{"@id":"https:\/\/dizagn.fr\/#website"},"primaryImageOfPage":{"@id":"https:\/\/dizagn.fr\/en\/product\/jean-allemand-1948-applique-circa-1987\/#primaryimage"},"image":{"@id":"https:\/\/dizagn.fr\/en\/product\/jean-allemand-1948-applique-circa-1987\/#primaryimage"},"thumbnailUrl":"https:\/\/dizagn.fr\/wp-content\/uploads\/2024\/05\/ALLEMAND-Jean-applique-circa-1987-1.jpg","datePublished":"2024-05-19T06:34:03+00:00","dateModified":"2024-07-11T09:24:41+00:00","breadcrumb":{"@id":"https:\/\/dizagn.fr\/en\/product\/jean-allemand-1948-applique-circa-1987\/#breadcrumb"},"inLanguage":"en-GB","potentialAction":[{"@type":"ReadAction","target":["https:\/\/dizagn.fr\/en\/product\/jean-allemand-1948-applique-circa-1987\/"]}]},{"@type":"ImageObject","inLanguage":"en-GB","@id":"https:\/\/dizagn.fr\/en\/product\/jean-allemand-1948-applique-circa-1987\/#primaryimage","url":"https:\/\/dizagn.fr\/wp-content\/uploads\/2024\/05\/ALLEMAND-Jean-applique-circa-1987-1.jpg","contentUrl":"https:\/\/dizagn.fr\/wp-content\/uploads\/2024\/05\/ALLEMAND-Jean-applique-circa-1987-1.jpg","width":1500,"height":1500},{"@type":"BreadcrumbList","@id":"https:\/\/dizagn.fr\/en\/product\/jean-allemand-1948-applique-circa-1987\/#breadcrumb","itemListElement":[{"@type":"ListItem","position":1,"name":"Accueil","item":"https:\/\/dizagn.fr\/"},{"@type":"ListItem","position":2,"name":"Sélection","item":"https:\/\/dizagn.fr\/"},{"@type":"ListItem","position":3,"name":"JEAN ALLEMAND, APPLIQUE, CIRCA 1987"}]},{"@type":"WebSite","@id":"https:\/\/dizagn.fr\/#website","url":"https:\/\/dizagn.fr\/","name":"DIZAGN","description":"","publisher":{"@id":"https:\/\/dizagn.fr\/#organization"},"potentialAction":[{"@type":"SearchAction","target":{"@type":"EntryPoint","urlTemplate":"https:\/\/dizagn.fr\/?s={search_term_string}"},"query-input":{"@type":"PropertyValueSpecification","valueRequired":true,"valueName":"search_term_string"}}],"inLanguage":"en-GB"},{"@type":"Organization","@id":"https:\/\/dizagn.fr\/#organization","name":"DIZAGN","url":"https:\/\/dizagn.fr\/","logo":{"@type":"ImageObject","inLanguage":"en-GB","@id":"https:\/\/dizagn.fr\/#\/schema\/logo\/image\/","url":"https:\/\/dizagn.fr\/wp-content\/uploads\/2023\/03\/logo-Dizagn.jpg","contentUrl":"https:\/\/dizagn.fr\/wp-content\/uploads\/2023\/03\/logo-Dizagn.jpg","width":304,"height":95,"caption":"DIZAGN"},"image":{"@id":"https:\/\/dizagn.fr\/#\/schema\/logo\/image\/"}}]}</script>
<!-- / Yoast SEO plugin. -->

Jean Allemand (1948-), applique, circa 1987  Métal laqué noir, halogène  Haut. 61 x Larg. 11 x Prof Max. 10 cm

Sélection
